 - a**2 - 32. Let o be l(13). Calculate j(o).
9
Let s(p) = p**3 + 9*p**2 - 10*p - 8. Suppose -2*m - 6 = -3*m. Let x be m + 0 + -2 + -14. Calculate s(x).
-8
Let j(t) be the first derivative of -41*t**2 + 11*t**2 + 17*t**2 + 14*t**2 - 22 + 6*t. Give j(-7).
-8
Let s(r) = -r**3 - r**2 + r - 1. Let b be s(0). Let c(n) be the second derivative of 0 + 1/2*n**2 + 1/6*n**3 + 5*n - 7/20*n**5 - 1/12*n**4. Determine c(b).
6
Let a(z) = 17*z**3 - 9*z**2 - 63. Let g(v) = -4*v**3 + 2*v**2 + 16. Let i(f) = -2*a(f) - 9*g(f). Let o(k) be the first derivative of i(k). What is o(-1)?
6
Let w(z) = -2*z**3 - 8*z**2 - 23*z + 9. Let s(t) = t**3 + 9*t**2 + 24*t - 8. Let y(r) = 3*s(r) + 2*w(r). Let v be y(13). Let g(l) = -2*l + 4. Give g(v).
16
Let v(r) = -2*r**2 + 29*r + 20. Let o be v(15). Suppose 0 = -o*u + 6*u. Let c(m) = m**3 + m**2 - m + 3. Calculate c(u).
3
Let a(f) be the first derivative of 3*f**2/2 + 13*f + 104. Give a(-10).
-17
Let g(w) be the third derivative of -w**6/120 + w**5/20 + w**4/24 + w**3/6 - 11*w**2. Let k be (-30)/(-8) + 1/4. Let y = 7 - k. Give g(y).
4
Let n(h) be the second derivative of -1/2*h**2 + 1/12*h**4 + 0 + 27*h + h**3. What is n(-4)?
-9
Let c(s) be the second derivative of s**7/2520 - s**5/12 + 7*s**4/12 + 3*s. Let t(b) be the third derivative of c(b). Determine t(0).
-10
Let a(s) be the third derivative of -s**6/120 + s**5/6 - 5*s**4/12 + 11*s**3/6 - 33*s**2 + 2. Suppose 2*n - 2*r = -0*r + 12, -n + 4*r = 3. Calculate a(n).
2
Let i be ((-8)/(-4 + -4))/(-1 + 2). Let m(n) = -32*n**2. Give m(i).
-32
Let q(j) = -3*j + 7. Let p(f) = -f**3 - 49*f**2 - 94*f - 7. Let z be p(-47). Determine q(z).
28
Let o(z) = -z**2 + 10*z + 4. Suppose -83*q + 155 + 426 = 0. Give o(q).
25
Let a(j) = -j**3 - 7*j**2 + 8*j + 6. Let h(i) be the first derivative of -i**4/4 + i**2/2 - 2*i - 6. Let p be 16/20*(-15)/(-6). Let f be h(p). Give a(f).
6
Let g(d) = -d**3 - 3*d**2 - 2*d - 1. Suppose 4*q - 24 = 2*q. Let h be (-4)/q - (-8)/(-3). What is g(h)?
5
Let t(q) = -2*q + 4. Suppose z - 3*w = -1 - 5, 4*z - 24 = -4*w. Suppose 0 = 3*r + p - 18, -3*r = 2*r + 5*p - 40. Suppose z*f = r*f - 6. Give t(f).
-2
Let x = 11 - 8. Let s(p) = 1 - p**3 + 4*p**2 + 3*p + 22*p - 27*p. Give s(x).
4
Let u(q) = 11*q + 8*q - 22*q. Determine u(-4).
12
Let x = -8488 + 8494. Let w(j) = 2*j + j + 1 + 2*j - j**2. Give w(x).
-5
Let f(k) = 6*k**2 + k - 1. Let z be 6/(-30) + (-81)/(-5). Suppose -4 + z = 4*w. Suppose w*o - 2 = o. Determine f(o).
6
Let d(w) = 7*w - 12*w + 6*w. Let g(o) = o + 5. Let i(b) = d(b) + g(b). Determine i(-5).
-5
Let o(k) = k**3 - 5*k**2 + 5*k - 1. Suppose 0*y - 4*y = -3*d - 16, -2*d - 16 = -4*y. What is o(y)?
3
Let h = 26 - 23. Let u = 27 - h. Let w = 16 - u. Let p(b) = -b**2 - 9*b - 6. What is p(w)?
2
Let n(w) = -4*w - 4. Suppose -l + 5*l = 8. Determine n(l).
-12
Let g(z) be the third derivative of -z**8/672 + z**7/1260 - z**5/120 - 3*z**4/4 - 10*z**2. Let b(t) be the second derivative of g(t). Determine b(-1).
11
Let p(t) = -t + 1. Let s be p(2). Let k(a) = -5*a**3 - 2*a**2 + 0*a + 7091 + 0*a - 7090. Calculate k(s).
4
Let p(i) = -i**2 - 8*i - 2. Let w(t) = t**2 - 4*t - 19. Let g be w(8). Let r = 6 - g. What is p(r)?
5
Let r(u) = 23 + 12597*u - 12601*u + 18 - 6. Give r(6).
11
Let i(m) = 4*m - 6. Let z(l) be the third derivative of l**4/24 - l**3/3 - 29*l**2. Let f(q) = -6*i(q) + 20*z(q). Calculate f(-4).
12
Let u(p) = -p**2 + 6*p. Let h = -77 - -69. Let q = -3 - h. Give u(q).
5
Let s(v) = -2 + 15*v - 7*v - 1. Let r = 2715 + -2713. Give s(r).
13
Let z(j) = -5*j + 2. Suppose 0 = -2*k - 4, -4*q + 38 = -3*k + 8. Give z(q).
-28
Let t(r) be the third derivative of r**6/120 - 2*r**5/15 + 13*r**4/24 + 5*r**3/6 + 103*r**2. Determine t(6).
11
Let j(r) = 3*r - 2. Suppose 4*c - 3*i - 25 = 0, 8*i = -3*c + 3*i - 3. Suppose -g = -c*g - 9. Give j(g).
-11
Let v(n) = 19*n**3 + 27*n**2 + 49*n - 5. Let b(a) = -7*a**3 - 9*a**2 - 17*a + 2. Let o(r) = 11*b(r) + 4*v(r). Give o(10).
-8
Let c = 7 + -6. Suppose 5*q + 2*n - 11 = 0, 2*q = 5*n - 3 + 19. Let i(d) = q - 5*d - 3. Determine i(c).
-5
Let z(y) be the third derivative of y**4/12 - 7*y**3/6 + y**2. Suppose -b + 39 = 17. Let o = b - 17. Calculate z(o).
3
Let w(y) = -7*y + 3*y**3 - 3*y**3 - 1450 - y**3 + 1438 + 0*y + 9*y**2. Determine w(8).
-4
Let u(o) = -22*o - 18. Let n(y) = 15*y + 12. Let w(x) = 8*n(x) + 5*u(x). Let c(h) = 9*h + 5. Let s(d) = 7*c(d) - 6*w(d). Let i = -1 - 0. Give s(i).
-4
Let k(i) be the first derivative of -7/2*i**2 + 3*i + 1 + 7/3*i**3 + 1/4*i**4. Let j(x) = x**3 + x**2 - 2*x - 8. Let h be j(0). Calculate k(h).
-5
Let m(p) be the first derivative of -p**4/12 + p**3/6 + 3*p**2/2 - 2*p - 1. Let i(s) be the first derivative of m(s). Calculate i(0).
3
Let z(c) = 56 - 88 - 29 + 0*c - 3*c. Determine z(-26).
17
Let m(o) = -o**2 + o - 1. Let s(t) = 21*t**3 - 2*t**2 - 1. Let a(k) = -m(k) + s(k). Let z(j) = 3*j**3 + 5*j**2 + 3. Let r be z(-2). What is a(r)?
-21
Let s(t) be the first derivative of t**2/2 + 4*t + 5. Let j(d) = d**2 + 0*d - 3*d + 3*d**2 - d**3 - 4. Let i be j(3). Calculate s(i).
0
Let i(l) = -4*l + 2*l**2 + 3 - 1 + 5*l - 6*l**2. Let s = -28 + 26. Give i(s).
-16
Let f(m) be the first derivative of -m**4/12 + m**2 - 2*m + 10. Let s(v) be the first derivative of f(v). What is s(0)?
2
Let n(m) = -m + 12. Let c = 193 - 126. Let p = -67 + c. Calculate n(p).
12
Let y(x) = x**2 - 6*x + 6. Let h(v) = 3*v + 7. Let p(q) = 2*q + 5. Let a(r) = 5*h(r) - 7*p(r). Let k be a(-2). Let l = 4 - k. What is y(l)?
6
Suppose x = 5*m + 51, -5*m - x = -0*x + 49. Let h = 10 + m. Suppose h = -0*j + j + 6. Let r(o) = 2*o + 5. Give r(j).
-7
Let i(a) be the second derivative of -a**4/12 - a**3/6 - 3*a**2/2 - 329*a. What is i(-2)?
-5
Let q(f) = -f**2 + 3 + 2 - 7 - 7*f. What is q(-4)?
10
Let q(t) = 2*t + 6. Suppose -6*m + 2*m = -4. Let p = -6 - m. Let d(u) = 2*u + 8. Let x be d(p). Determine q(x).
-6
Let a = 7 + -15. Let u be (-12)/(-66) - (-86)/11. Let y be a - 7/((-28)/u). Let c(m) = 3*m + 8. What is c(y)?
-10
Suppose 6*w = 253 - 37. Let k be (-130)/(-18) + ((-56)/w)/7. Let d(j) = -j**2 + 6*j - 8. Determine d(k).
-15
Let l(u) = 17*u**2 - 6*u - 3. Let q(y) = -4*y**2 + y. Let k(v) = -l(v) - 4*q(v). Determine k(3).
0
Let d(g) be the second derivative of 1/6*g**3 - g + 0 - 1/2*g**2. Calculate d(-3).
-4
Let q(d) = d**2 + 6*d + 5. Let i(v) = 6*v**2 + 31*v + 25. Suppose 3*y = 5*m - 13, -m + 8*y + 7 = 3*y. Let o(s) = m*i(s) - 11*q(s). Determine o(5).
0
Suppose 0 = -58*w + 142 + 32. Let a(k) be the second derivative of k**3/6 - 5*k**2/2 - k. What is a(w)?
-2
Let z(x) = 39 + 37 + 5*x**2 - 3*x - 70 + 2*x**2 - x**3 - 2*x. What is z(5)?
31
Let a(k) = 5*k**2 - 2. Let p = 83 + -124. Let g = p + 39. Calculate a(g).
18
Let k(i) = -i**2 + 9*i + 6. Suppose -110 = -14*g + 16. Determine k(g).
6
Let k(r) = 5 + r**3 + 2*r - 11*r**2 + 10*r**2 + 6*r**2 + 3*r. Let c(x) = 8*x**2 + 9*x - 3. Let q be c(-1). What is k(q)?
1
Suppose -32 = 2*z - 10*z. Let a(k) = -7*k + 0*k**3 + 5 + 0 - z*k**2 + k**3. Determine a(5).
-5
Let s be (9/72*-4)/(2/(-16)). Let k(g) = 7*g**2 - 17*g**2 + s + 4057*g - 4048*g + g**3. Determine k(9).
4
Let a(l) = 11*l**3 + 11*l**2 + 9. Let y(r) = 11*r**3 + 13*r**2 + 11. Let m(w) = 6*a(w) - 5*y(w). Give m(1).
11
Let i be 8/(-6) - (-6)/4. Let n(l) be the second derivative of 0 - 2*l + l**2 + 2/3*l**3 + i*l**4. What is n(-3)?
8
Let x(a) be the second derivative of 7/12*a**4 - 13*a - 1/20*a**5 + 0 + 3*a**2 - 1/6*a**3. Determine x(7).
-1
Let y(j) = -2*j - 6. Let d = -13 + 15. Suppose c - 93 = -d*c. Suppose -3*v - c = -13. Give y(v).
6
Let t(d) = -d**3 + 10*d**2 + 6*d - 8. Let h(c) = c**2 + c - 1. Let n(s) = -6*h(s) + t(s). Suppose 2*g = -0*g + 8. What is n(g)?
-2
Let g(q) = -q - 20. Let a(p) = -p**2 - 23*p - 41. Let r be a(-22). Let x be g(r). Let k(v) = 5*v**3 - v - 1. What is k(x)?
-5
Let d(m) be the second derivative of m**4/12 - m**3/2 + 5*m**2/2 - m. Suppose -3*j = -j + 18. Let y = j - -13. Determine d(y).
9
Let y(h) = 648*h**3 + 7*h + 3*h**2 + 0*h**2 - 6 - 649*h**3. Give y(4).
6
Let z = 76 - 36. Suppose -10*t + 2*t - z = 0. Let o(v) = -4*v - 3. Determine o(t).
17
Let o = 3 + -3. Suppose o*n - n - 6 = 0. Let j(a) = -22*a**3 + 5*a**2 + 23*a**3 - 7*a + 0 - 8. Determine j(n).
-2
Let g(n) be the second derivative of n**3/2 + 9*n**2 - 46*n - 2. What is g(-8)?
-6
L